{"id":68,"date":"2025-05-05T15:56:37","date_gmt":"2025-05-05T15:56:37","guid":{"rendered":"https:\/\/jorgereis.info\/ilfiume2\/?page_id=68"},"modified":"2025-05-07T13:39:29","modified_gmt":"2025-05-07T13:39:29","slug":"sobre-nos","status":"publish","type":"page","link":"https:\/\/jorgereis.info\/ilfiume2\/sobre-nos\/","title":{"rendered":"Sobre n\u00f3s"},"content":{"rendered":"\t\t<div data-elementor-type=\"wp-page\" data-elementor-id=\"68\" class=\"elementor elementor-68\" data-elementor-post-type=\"page\">\n\t\t\t\t\t\t<section class=\"elementor-section elementor-top-section elementor-element elementor-element-196da932 elementor-section-boxed elementor-section-height-default elementor-section-height-default\" data-id=\"196da932\" data-element_type=\"section\" data-settings=\"{&quot;background_background&quot;:&quot;classic&quot;}\">\n\t\t\t\t\t\t\t<div class=\"elementor-background-overlay\"><\/div>\n\t\t\t\t\t\t\t<div class=\"elementor-container elementor-column-gap-default\">\n\t\t\t\t\t<div class=\"elementor-column elementor-col-100 elementor-top-column elementor-element elementor-element-3c764485\" data-id=\"3c764485\" data-element_type=\"column\">\n\t\t\t<div class=\"elementor-widget-wrap\">\n\t\t\t\t\t\t\t<\/div>\n\t\t<\/div>\n\t\t\t\t\t<\/div>\n\t\t<\/section>\n\t\t\t\t<section class=\"elementor-section elementor-top-section elementor-element elementor-element-6b93b9 elementor-section-content-middle elementor-section-boxed elementor-section-height-default elementor-section-height-default\" data-id=\"6b93b9\" data-element_type=\"section\" data-settings=\"{&quot;background_background&quot;:&quot;classic&quot;}\">\n\t\t\t\t\t\t\t<div class=\"elementor-background-overlay\"><\/div>\n\t\t\t\t\t\t\t<div class=\"elementor-container elementor-column-gap-no\">\n\t\t\t\t\t<div class=\"elementor-column elementor-col-50 elementor-top-column elementor-element elementor-element-6582d429\" data-id=\"6582d429\" data-element_type=\"column\" data-settings=\"{&quot;background_background&quot;:&quot;classic&quot;}\">\n\t\t\t<div class=\"elementor-widget-wrap\">\n\t\t\t\t\t\t\t<\/div>\n\t\t<\/div>\n\t\t\t\t<div class=\"elementor-column elementor-col-50 elementor-top-column elementor-element elementor-element-3da39672\" data-id=\"3da39672\" data-element_type=\"column\" data-settings=\"{&quot;background_background&quot;:&quot;classic&quot;}\">\n\t\t\t<div class=\"elementor-widget-wrap elementor-element-populated\">\n\t\t\t\t\t\t<section class=\"elementor-section elementor-inner-section elementor-element elementor-element-37887ae elementor-section-content-middle elementor-section-boxed elementor-section-height-default elementor-section-height-default\" data-id=\"37887ae\" data-element_type=\"section\">\n\t\t\t\t\t\t<div class=\"elementor-container elementor-column-gap-default\">\n\t\t\t\t\t<div class=\"elementor-column elementor-col-50 elementor-inner-column elementor-element elementor-element-23d2f971\" data-id=\"23d2f971\" data-element_type=\"column\">\n\t\t\t<div class=\"elementor-widget-wrap elementor-element-populated\">\n\t\t\t\t\t\t<div class=\"elementor-element elementor-element-11595109 elementor-widget-divider--view-line elementor-widget elementor-widget-divider\" data-id=\"11595109\" data-element_type=\"widget\" data-widget_type=\"divider.default\">\n\t\t\t\t<div class=\"elementor-widget-container\">\n\t\t\t\t\t\t\t<div class=\"elementor-divider\">\n\t\t\t<span class=\"elementor-divider-separator\">\n\t\t\t\t\t\t<\/span>\n\t\t<\/div>\n\t\t\t\t\t\t<\/div>\n\t\t\t\t<\/div>\n\t\t\t\t\t<\/div>\n\t\t<\/div>\n\t\t\t\t<div class=\"elementor-column elementor-col-50 elementor-inner-column elementor-element elementor-element-76d9a9b8\" data-id=\"76d9a9b8\" data-element_type=\"column\">\n\t\t\t<div class=\"elementor-widget-wrap elementor-element-populated\">\n\t\t\t\t\t\t<div class=\"elementor-element elementor-element-fb3b007 envato-kit-138-bracket elementor-widget elementor-widget-heading\" data-id=\"fb3b007\" data-element_type=\"widget\" data-widget_type=\"heading.default\">\n\t\t\t\t<div class=\"elementor-widget-container\">\n\t\t\t\t\t<h3 class=\"elementor-heading-title elementor-size-default\">a nossa hist\u00f3ria<\/h3>\t\t\t\t<\/div>\n\t\t\t\t<\/div>\n\t\t\t\t\t<\/div>\n\t\t<\/div>\n\t\t\t\t\t<\/div>\n\t\t<\/section>\n\t\t\t\t<div class=\"elementor-element elementor-element-f16b607 elementor-widget elementor-widget-heading\" data-id=\"f16b607\" data-element_type=\"widget\" data-widget_type=\"heading.default\">\n\t\t\t\t<div class=\"elementor-widget-container\">\n\t\t\t\t\t<h2 class=\"elementor-heading-title elementor-size-default\">Sobre N\u00f3s<\/h2>\t\t\t\t<\/div>\n\t\t\t\t<\/div>\n\t\t\t\t<div class=\"elementor-element elementor-element-5ddd748c elementor-widget elementor-widget-spacer\" data-id=\"5ddd748c\" data-element_type=\"widget\" data-widget_type=\"spacer.default\">\n\t\t\t\t<div class=\"elementor-widget-container\">\n\t\t\t\t\t\t\t<div class=\"elementor-spacer\">\n\t\t\t<div class=\"elementor-spacer-inner\"><\/div>\n\t\t<\/div>\n\t\t\t\t\t\t<\/div>\n\t\t\t\t<\/div>\n\t\t\t\t<div class=\"elementor-element elementor-element-22bba0ce elementor-widget elementor-widget-text-editor\" data-id=\"22bba0ce\" data-element_type=\"widget\" data-widget_type=\"text-editor.default\">\n\t\t\t\t<div class=\"elementor-widget-container\">\n\t\t\t\t\t\t\t\t\t<p>\u00a0No II Fiume, os sabores de It\u00e1lia s\u00e3o recordados a cada momento, desde as entradas \u00e0s sobremesas, passando pelas pastas e pizzas. As pizzas s\u00e3o o ex libris dos nossos restaurantes, t\u00eam em todo o processo toda a nossa dedica\u00e7\u00e3o. S\u00e3o pizzas frescas produzidas com as melhores farinhas italianas selecionadas, s\u00e3o compostas por 40% de \u00e1gua, queijo 100% mozzarella e ingredientes frescos e de elevada qualidade, cozinhadas em fornos de lenha. Todos estes elementos se conjugam na perfei\u00e7\u00e3o criando uma experi\u00eancia de sabores e aromas distinta.<\/p><p>Disfrute das melhores pizzas tradicionais ou atreva-se e delicie-se com as nossas novas pizzas gourmet. Pode ainda criar a sua pr\u00f3pria pizza com os seus ingredientes prediletos.\u00a0<\/p>\t\t\t\t\t\t\t\t<\/div>\n\t\t\t\t<\/div>\n\t\t\t\t\t<\/div>\n\t\t<\/div>\n\t\t\t\t\t<\/div>\n\t\t<\/section>\n\t\t\t\t<section class=\"elementor-section elementor-top-section elementor-element elementor-element-513e477f elementor-section-boxed elementor-section-height-default elementor-section-height-default\" data-id=\"513e477f\" data-element_type=\"section\" data-settings=\"{&quot;background_background&quot;:&quot;classic&quot;}\">\n\t\t\t\t\t\t\t<div class=\"elementor-background-overlay\"><\/div>\n\t\t\t\t\t\t\t<div class=\"elementor-container elementor-column-gap-default\">\n\t\t\t\t\t<div class=\"elementor-column elementor-col-100 elementor-top-column elementor-element elementor-element-30a021de\" data-id=\"30a021de\" data-element_type=\"column\">\n\t\t\t<div class=\"elementor-widget-wrap elementor-element-populated\">\n\t\t\t\t\t\t<div class=\"elementor-element elementor-element-3ef3fa56 elementor-widget__width-auto elementor-widget elementor-widget-heading\" data-id=\"3ef3fa56\" data-element_type=\"widget\" data-widget_type=\"heading.default\">\n\t\t\t\t<div class=\"elementor-widget-container\">\n\t\t\t\t\t<h2 class=\"elementor-heading-title elementor-size-default\">Um pouco<\/h2>\t\t\t\t<\/div>\n\t\t\t\t<\/div>\n\t\t\t\t<div class=\"elementor-element elementor-element-5e56b64 elementor-widget__width-auto elementor-widget elementor-widget-heading\" data-id=\"5e56b64\" data-element_type=\"widget\" data-widget_type=\"heading.default\">\n\t\t\t\t<div class=\"elementor-widget-container\">\n\t\t\t\t\t<h2 class=\"elementor-heading-title elementor-size-default\">das nossas especialidades<\/h2>\t\t\t\t<\/div>\n\t\t\t\t<\/div>\n\t\t\t\t<section class=\"elementor-section elementor-inner-section elementor-element elementor-element-60a80aed elementor-section-boxed elementor-section-height-default elementor-section-height-default\" data-id=\"60a80aed\" data-element_type=\"section\">\n\t\t\t\t\t\t<div class=\"elementor-container elementor-column-gap-default\">\n\t\t\t\t\t<div class=\"elementor-column elementor-col-25 elementor-inner-column elementor-element elementor-element-4a51ca28\" data-id=\"4a51ca28\" data-element_type=\"column\">\n\t\t\t<div class=\"elementor-widget-wrap elementor-element-populated\">\n\t\t\t\t\t\t<div class=\"elementor-element elementor-element-aabff5 elementor-widget elementor-widget-image\" data-id=\"aabff5\" data-element_type=\"widget\" data-widget_type=\"image.default\">\n\t\t\t\t<div class=\"elementor-widget-container\">\n\t\t\t\t\t\t\t\t\t\t\t\t\t\t\t<img fetchpriority=\"high\" decoding=\"async\" width=\"800\" height=\"800\" src=\"https:\/\/jorgereis.info\/ilfiume2\/wp-content\/uploads\/2025\/05\/472536526_3909362489331974_7109703788149764314_n-1024x1024.jpg\" class=\"attachment-large size-large wp-image-92\" alt=\"\" srcset=\"https:\/\/jorgereis.info\/ilfiume2\/wp-content\/uploads\/2025\/05\/472536526_3909362489331974_7109703788149764314_n-1024x1024.jpg 1024w, https:\/\/jorgereis.info\/ilfiume2\/wp-content\/uploads\/2025\/05\/472536526_3909362489331974_7109703788149764314_n-300x300.jpg 300w, https:\/\/jorgereis.info\/ilfiume2\/wp-content\/uploads\/2025\/05\/472536526_3909362489331974_7109703788149764314_n-150x150.jpg 150w, https:\/\/jorgereis.info\/ilfiume2\/wp-content\/uploads\/2025\/05\/472536526_3909362489331974_7109703788149764314_n-768x768.jpg 768w, https:\/\/jorgereis.info\/ilfiume2\/wp-content\/uploads\/2025\/05\/472536526_3909362489331974_7109703788149764314_n.jpg 1200w\" sizes=\"(max-width: 800px) 100vw, 800px\" \/>\t\t\t\t\t\t\t\t\t\t\t\t\t\t\t<\/div>\n\t\t\t\t<\/div>\n\t\t\t\t\t<\/div>\n\t\t<\/div>\n\t\t\t\t<div class=\"elementor-column elementor-col-25 elementor-inner-column elementor-element elementor-element-815a1ec\" data-id=\"815a1ec\" data-element_type=\"column\">\n\t\t\t<div class=\"elementor-widget-wrap elementor-element-populated\">\n\t\t\t\t\t\t<div class=\"elementor-element elementor-element-1ac61bd3 elementor-widget elementor-widget-image\" data-id=\"1ac61bd3\" data-element_type=\"widget\" data-widget_type=\"image.default\">\n\t\t\t\t<div class=\"elementor-widget-container\">\n\t\t\t\t\t\t\t\t\t\t\t\t\t\t\t<img fetchpriority=\"high\" decoding=\"async\" width=\"800\" height=\"800\" src=\"https:\/\/jorgereis.info\/ilfiume2\/wp-content\/uploads\/2025\/05\/472536526_3909362489331974_7109703788149764314_n-1024x1024.jpg\" class=\"attachment-large size-large wp-image-92\" alt=\"\" srcset=\"https:\/\/jorgereis.info\/ilfiume2\/wp-content\/uploads\/2025\/05\/472536526_3909362489331974_7109703788149764314_n-1024x1024.jpg 1024w, https:\/\/jorgereis.info\/ilfiume2\/wp-content\/uploads\/2025\/05\/472536526_3909362489331974_7109703788149764314_n-300x300.jpg 300w, https:\/\/jorgereis.info\/ilfiume2\/wp-content\/uploads\/2025\/05\/472536526_3909362489331974_7109703788149764314_n-150x150.jpg 150w, https:\/\/jorgereis.info\/ilfiume2\/wp-content\/uploads\/2025\/05\/472536526_3909362489331974_7109703788149764314_n-768x768.jpg 768w, https:\/\/jorgereis.info\/ilfiume2\/wp-content\/uploads\/2025\/05\/472536526_3909362489331974_7109703788149764314_n.jpg 1200w\" sizes=\"(max-width: 800px) 100vw, 800px\" \/>\t\t\t\t\t\t\t\t\t\t\t\t\t\t\t<\/div>\n\t\t\t\t<\/div>\n\t\t\t\t\t<\/div>\n\t\t<\/div>\n\t\t\t\t<div class=\"elementor-column elementor-col-25 elementor-inner-column elementor-element elementor-element-6f954379\" data-id=\"6f954379\" data-element_type=\"column\">\n\t\t\t<div class=\"elementor-widget-wrap elementor-element-populated\">\n\t\t\t\t\t\t<div class=\"elementor-element elementor-element-24630b8c elementor-widget elementor-widget-image\" data-id=\"24630b8c\" data-element_type=\"widget\" data-widget_type=\"image.default\">\n\t\t\t\t<div class=\"elementor-widget-container\">\n\t\t\t\t\t\t\t\t\t\t\t\t\t\t\t<img decoding=\"async\" width=\"768\" height=\"768\" src=\"https:\/\/jorgereis.info\/ilfiume2\/wp-content\/uploads\/2025\/05\/472536526_3909362489331974_7109703788149764314_n-768x768.jpg\" class=\"attachment-medium_large size-medium_large wp-image-92\" alt=\"\" srcset=\"https:\/\/jorgereis.info\/ilfiume2\/wp-content\/uploads\/2025\/05\/472536526_3909362489331974_7109703788149764314_n-768x768.jpg 768w, https:\/\/jorgereis.info\/ilfiume2\/wp-content\/uploads\/2025\/05\/472536526_3909362489331974_7109703788149764314_n-300x300.jpg 300w, https:\/\/jorgereis.info\/ilfiume2\/wp-content\/uploads\/2025\/05\/472536526_3909362489331974_7109703788149764314_n-1024x1024.jpg 1024w, https:\/\/jorgereis.info\/ilfiume2\/wp-content\/uploads\/2025\/05\/472536526_3909362489331974_7109703788149764314_n-150x150.jpg 150w, https:\/\/jorgereis.info\/ilfiume2\/wp-content\/uploads\/2025\/05\/472536526_3909362489331974_7109703788149764314_n.jpg 1200w\" sizes=\"(max-width: 768px) 100vw, 768px\" \/>\t\t\t\t\t\t\t\t\t\t\t\t\t\t\t<\/div>\n\t\t\t\t<\/div>\n\t\t\t\t\t<\/div>\n\t\t<\/div>\n\t\t\t\t<div class=\"elementor-column elementor-col-25 elementor-inner-column elementor-element elementor-element-3536d12f\" data-id=\"3536d12f\" data-element_type=\"column\">\n\t\t\t<div class=\"elementor-widget-wrap elementor-element-populated\">\n\t\t\t\t\t\t<div class=\"elementor-element elementor-element-2ae5a4c0 elementor-widget elementor-widget-image\" data-id=\"2ae5a4c0\" data-element_type=\"widget\" data-widget_type=\"image.default\">\n\t\t\t\t<div class=\"elementor-widget-container\">\n\t\t\t\t\t\t\t\t\t\t\t\t\t\t\t<img decoding=\"async\" src=\"https:\/\/jorgereis.info\/ilfiume2\/wp-content\/uploads\/2025\/05\/man-on-the-mountain-peak-looking-on-mountain-valle-QA5BYS7-compressed.jpeg\" title=\"\" alt=\"\" loading=\"lazy\" \/>\t\t\t\t\t\t\t\t\t\t\t\t\t\t\t<\/div>\n\t\t\t\t<\/div>\n\t\t\t\t\t<\/div>\n\t\t<\/div>\n\t\t\t\t\t<\/div>\n\t\t<\/section>\n\t\t\t\t<section class=\"elementor-section elementor-inner-section elementor-element elementor-element-2b5cee3d elementor-section-boxed elementor-section-height-default elementor-section-height-default\" data-id=\"2b5cee3d\" data-element_type=\"section\">\n\t\t\t\t\t\t<div class=\"elementor-container elementor-column-gap-default\">\n\t\t\t\t\t<div class=\"elementor-column elementor-col-25 elementor-inner-column elementor-element elementor-element-2830e63c\" data-id=\"2830e63c\" data-element_type=\"column\">\n\t\t\t<div class=\"elementor-widget-wrap elementor-element-populated\">\n\t\t\t\t\t\t<div class=\"elementor-element elementor-element-116b00a8 elementor-widget elementor-widget-image\" data-id=\"116b00a8\" data-element_type=\"widget\" data-widget_type=\"image.default\">\n\t\t\t\t<div class=\"elementor-widget-container\">\n\t\t\t\t\t\t\t\t\t\t\t\t\t\t\t<img fetchpriority=\"high\" decoding=\"async\" width=\"800\" height=\"800\" src=\"https:\/\/jorgereis.info\/ilfiume2\/wp-content\/uploads\/2025\/05\/472536526_3909362489331974_7109703788149764314_n-1024x1024.jpg\" class=\"attachment-large size-large wp-image-92\" alt=\"\" srcset=\"https:\/\/jorgereis.info\/ilfiume2\/wp-content\/uploads\/2025\/05\/472536526_3909362489331974_7109703788149764314_n-1024x1024.jpg 1024w, https:\/\/jorgereis.info\/ilfiume2\/wp-content\/uploads\/2025\/05\/472536526_3909362489331974_7109703788149764314_n-300x300.jpg 300w, https:\/\/jorgereis.info\/ilfiume2\/wp-content\/uploads\/2025\/05\/472536526_3909362489331974_7109703788149764314_n-150x150.jpg 150w, https:\/\/jorgereis.info\/ilfiume2\/wp-content\/uploads\/2025\/05\/472536526_3909362489331974_7109703788149764314_n-768x768.jpg 768w, https:\/\/jorgereis.info\/ilfiume2\/wp-content\/uploads\/2025\/05\/472536526_3909362489331974_7109703788149764314_n.jpg 1200w\" sizes=\"(max-width: 800px) 100vw, 800px\" \/>\t\t\t\t\t\t\t\t\t\t\t\t\t\t\t<\/div>\n\t\t\t\t<\/div>\n\t\t\t\t\t<\/div>\n\t\t<\/div>\n\t\t\t\t<div class=\"elementor-column elementor-col-25 elementor-inner-column elementor-element elementor-element-54b6e2e6\" data-id=\"54b6e2e6\" data-element_type=\"column\">\n\t\t\t<div class=\"elementor-widget-wrap elementor-element-populated\">\n\t\t\t\t\t\t<div class=\"elementor-element elementor-element-1eb1395a elementor-widget elementor-widget-image\" data-id=\"1eb1395a\" data-element_type=\"widget\" data-widget_type=\"image.default\">\n\t\t\t\t<div class=\"elementor-widget-container\">\n\t\t\t\t\t\t\t\t\t\t\t\t\t\t\t<img decoding=\"async\" width=\"800\" height=\"534\" src=\"https:\/\/jorgereis.info\/ilfiume2\/wp-content\/uploads\/2025\/05\/dolomite-alps-italy-G9AJ2PZ-compressed-1024x683.jpeg\" class=\"attachment-large size-large wp-image-77\" alt=\"\" srcset=\"https:\/\/jorgereis.info\/ilfiume2\/wp-content\/uploads\/2025\/05\/dolomite-alps-italy-G9AJ2PZ-compressed-1024x683.jpeg 1024w, https:\/\/jorgereis.info\/ilfiume2\/wp-content\/uploads\/2025\/05\/dolomite-alps-italy-G9AJ2PZ-compressed-300x200.jpeg 300w, https:\/\/jorgereis.info\/ilfiume2\/wp-content\/uploads\/2025\/05\/dolomite-alps-italy-G9AJ2PZ-compressed-768x512.jpeg 768w, https:\/\/jorgereis.info\/ilfiume2\/wp-content\/uploads\/2025\/05\/dolomite-alps-italy-G9AJ2PZ-compressed.jpeg 1536w\" sizes=\"(max-width: 800px) 100vw, 800px\" \/>\t\t\t\t\t\t\t\t\t\t\t\t\t\t\t<\/div>\n\t\t\t\t<\/div>\n\t\t\t\t\t<\/div>\n\t\t<\/div>\n\t\t\t\t<div class=\"elementor-column elementor-col-25 elementor-inner-column elementor-element elementor-element-516e61df\" data-id=\"516e61df\" data-element_type=\"column\">\n\t\t\t<div class=\"elementor-widget-wrap elementor-element-populated\">\n\t\t\t\t\t\t<div class=\"elementor-element elementor-element-48d82f9e elementor-widget elementor-widget-image\" data-id=\"48d82f9e\" data-element_type=\"widget\" data-widget_type=\"image.default\">\n\t\t\t\t<div class=\"elementor-widget-container\">\n\t\t\t\t\t\t\t\t\t\t\t\t\t\t\t<img loading=\"lazy\" decoding=\"async\" width=\"800\" height=\"534\" src=\"https:\/\/jorgereis.info\/ilfiume2\/wp-content\/uploads\/2025\/05\/active-hiker-with-backpack-in-pyrenees-P4CQPGN-compressed-1024x683.jpeg\" class=\"attachment-large size-large wp-image-78\" alt=\"\" srcset=\"https:\/\/jorgereis.info\/ilfiume2\/wp-content\/uploads\/2025\/05\/active-hiker-with-backpack-in-pyrenees-P4CQPGN-compressed-1024x683.jpeg 1024w, https:\/\/jorgereis.info\/ilfiume2\/wp-content\/uploads\/2025\/05\/active-hiker-with-backpack-in-pyrenees-P4CQPGN-compressed-300x200.jpeg 300w, https:\/\/jorgereis.info\/ilfiume2\/wp-content\/uploads\/2025\/05\/active-hiker-with-backpack-in-pyrenees-P4CQPGN-compressed-768x513.jpeg 768w, https:\/\/jorgereis.info\/ilfiume2\/wp-content\/uploads\/2025\/05\/active-hiker-with-backpack-in-pyrenees-P4CQPGN-compressed.jpeg 1536w\" sizes=\"(max-width: 800px) 100vw, 800px\" \/>\t\t\t\t\t\t\t\t\t\t\t\t\t\t\t<\/div>\n\t\t\t\t<\/div>\n\t\t\t\t\t<\/div>\n\t\t<\/div>\n\t\t\t\t<div class=\"elementor-column elementor-col-25 elementor-inner-column elementor-element elementor-element-4317261e\" data-id=\"4317261e\" data-element_type=\"column\">\n\t\t\t<div class=\"elementor-widget-wrap elementor-element-populated\">\n\t\t\t\t\t\t<div class=\"elementor-element elementor-element-37aa5594 elementor-widget elementor-widget-image\" data-id=\"37aa5594\" data-element_type=\"widget\" data-widget_type=\"image.default\">\n\t\t\t\t<div class=\"elementor-widget-container\">\n\t\t\t\t\t\t\t\t\t\t\t\t\t\t\t<img loading=\"lazy\" decoding=\"async\" width=\"800\" height=\"534\" src=\"https:\/\/jorgereis.info\/ilfiume2\/wp-content\/uploads\/2025\/05\/snow-rackets-and-boots-equipment-on-the-snow-winte-RZJDES6-compressed-1024x683.jpeg\" class=\"attachment-large size-large wp-image-79\" alt=\"\" srcset=\"https:\/\/jorgereis.info\/ilfiume2\/wp-content\/uploads\/2025\/05\/snow-rackets-and-boots-equipment-on-the-snow-winte-RZJDES6-compressed-1024x683.jpeg 1024w, https:\/\/jorgereis.info\/ilfiume2\/wp-content\/uploads\/2025\/05\/snow-rackets-and-boots-equipment-on-the-snow-winte-RZJDES6-compressed-300x200.jpeg 300w, https:\/\/jorgereis.info\/ilfiume2\/wp-content\/uploads\/2025\/05\/snow-rackets-and-boots-equipment-on-the-snow-winte-RZJDES6-compressed-768x512.jpeg 768w, https:\/\/jorgereis.info\/ilfiume2\/wp-content\/uploads\/2025\/05\/snow-rackets-and-boots-equipment-on-the-snow-winte-RZJDES6-compressed-1536x1024.jpeg 1536w, https:\/\/jorgereis.info\/ilfiume2\/wp-content\/uploads\/2025\/05\/snow-rackets-and-boots-equipment-on-the-snow-winte-RZJDES6-compressed.jpeg 1920w\" sizes=\"(max-width: 800px) 100vw, 800px\" \/>\t\t\t\t\t\t\t\t\t\t\t\t\t\t\t<\/div>\n\t\t\t\t<\/div>\n\t\t\t\t\t<\/div>\n\t\t<\/div>\n\t\t\t\t\t<\/div>\n\t\t<\/section>\n\t\t\t\t\t<\/div>\n\t\t<\/div>\n\t\t\t\t\t<\/div>\n\t\t<\/section>\n\t\t\t\t<\/div>\n\t\t","protected":false},"excerpt":{"rendered":"<p>a nossa hist\u00f3ria Sobre N\u00f3s \u00a0No II Fiume, os sabores de It\u00e1lia s\u00e3o recordados a cada momento, desde as entradas \u00e0s sobremesas, passando pelas pastas e pizzas. As pizzas s\u00e3o o ex libris dos nossos restaurantes, t\u00eam em todo o processo toda a nossa dedica\u00e7\u00e3o. S\u00e3o pizzas frescas produzidas com as melhores farinhas italianas selecionadas, [&hellip;]<\/p>\n","protected":false},"author":1,"featured_media":0,"parent":0,"menu_order":0,"comment_status":"closed","ping_status":"closed","template":"","meta":{"footnotes":""},"class_list":["post-68","page","type-page","status-publish","hentry"],"_links":{"self":[{"href":"https:\/\/jorgereis.info\/ilfiume2\/wp-json\/wp\/v2\/pages\/68","targetHints":{"allow":["GET"]}}],"collection":[{"href":"https:\/\/jorgereis.info\/ilfiume2\/wp-json\/wp\/v2\/pages"}],"about":[{"href":"https:\/\/jorgereis.info\/ilfiume2\/wp-json\/wp\/v2\/types\/page"}],"author":[{"embeddable":true,"href":"https:\/\/jorgereis.info\/ilfiume2\/wp-json\/wp\/v2\/users\/1"}],"replies":[{"embeddable":true,"href":"https:\/\/jorgereis.info\/ilfiume2\/wp-json\/wp\/v2\/comments?post=68"}],"version-history":[{"count":40,"href":"https:\/\/jorgereis.info\/ilfiume2\/wp-json\/wp\/v2\/pages\/68\/revisions"}],"predecessor-version":[{"id":204,"href":"https:\/\/jorgereis.info\/ilfiume2\/wp-json\/wp\/v2\/pages\/68\/revisions\/204"}],"wp:attachment":[{"href":"https:\/\/jorgereis.info\/ilfiume2\/wp-json\/wp\/v2\/media?parent=68"}],"curies":[{"name":"wp","href":"https:\/\/api.w.org\/{rel}","templated":true}]}}